d by 554?
289
Calculate the remainder when 30181 is divided by 4794.
1417
What is the remainder when 213194 is divided by 1050?
44
Calculate the remainder when 58448 is divided by 585.
533
Calculate the remainder when 57269 is divided by 3664.
2309
What is the remainder when 1067856 is divided by 136?
120
What is the remainder when 940409 is divided by 461?
430
Calculate the remainder when 314091 is divided by 52166.
1095
What is the remainder when 1408224 is divided by 1662?
510
Calculate the remainder when 3562799 is divided by 1187590.
29
What is the remainder when 86770 is divided by 5381?
674
Calculate the remainder when 1293295 is divided by 18.
13
What is the remainder when 3888653 is divided by 105098?
27
What is the remainder when 85590 is divided by 634?
0
Calculate the remainder when 15130 is divided by 15054.
76
What is the remainder when 652503 is divided by 37?
8
What is the remainder when 1509538 is divided by 377373?
46
Calculate the remainder when 104462 is divided by 3726.
134
What is the remainder when 476229 is divided by 473873?
2356
What is the remainder when 3729718 is divided by 250?
218
What is the remainder when 24859498 is divided by 263?
212
Calculate the remainder when 2006479 is divided by 1420.
19
Calculate the remainder when 4269081 is divided by 609865.
26
What is the remainder when 6208574 is divided by 7?
1
What is the remainder when 308379 is divided by 12?
3
What is the remainder when 42733384 is divided by 54?
52
What is the remainder when 705430 is divided by 106?
0
What is the remainder when 2559900 is divided by 1279937?
26
Calculate the remainder when 312739 is divided by 823.
822
What is the remainder when 150657 is divided by 8953?
7409
What is the remainder when 443043 is divided by 220881?
1281
What is the remainder when 321544 is divided by 53585?
34
Calculate the remainder when 1115133 is divided by 2958.
2925
What is the remainder when 72692359 is divided by 215?
214
Calculate the remainder when 1654125 is divided by 237.
102
What is the remainder when 3159537896 is divided by 3047?
3045
What is the remainder when 252078 is divided by 5318?
2132
What is the remainder when 512029 is divided by 511913?
116
Calculate the remainder when 12165142 is divided by 78994.
66
What is the remainder when 121534 is divided by 2203?
369
Calculate the remainder when 1638980 is divided by 547.
168
Calculate the remainder when 2271997 is divided by 53.
46
What is the remainder when 282272 is divided by 17683?
17027
What is the remainder when 323436021 is divided by 3025?
3021
Calculate the remainder when 1117479 is divided by 16.
7
What is the remainder when 119216 is divided by 21?
20
Calculate the remainder when 6557354 is divided by 945.
944
Calculate the remainder when 13860279 is divided by 1016.
7
Calculate the remainder when 88177 is divided by 4723.
3163
Calculate the remainder when 10750874 is divided by 11610.
14
Calculate the remainder when 61513229 is divided by 152.
45
What is the remainder when 7206944 is divided by 554379?
17
Calculate the remainder when 16051716 is divided by 4315.
4231
Calculate the remainder when 68728357 is divided by 8591042.
21
What is the remainder when 1551226 is divided by 5462?
18
What is the remainder when 5091731 is divided by 363685?
141
What is the remainder when 1132132 is divided by 1459?
1407
What is the remainder when 2061241 is divided by 38891?
18
What is the remainder when 26963020 is divided by 236?
20
Calculate the remainder when 4382094 is divided by 4400.
4094
What is the remainder when 89985 is divided by 88388?
1597
What is the remainder when 16639984 is divided by 2903?
2891
What is the remainder when 110860013 is divided by 2875?
13
Calculate the remainder when 510002 is divided by 33979.
317
What is the remainder when 4561689 is divided by 57021?
9
What is the remainder when 1430072 is divided by 322?
70
Calculate the remainder when 532943 is divided by 5027.
81
Calculate the remainder when 973068 is divided by 972951.
117
Calculate the remainder when 1079742 is divided by 359912.
6
Calculate the remainder when 11537721 is divided by 25.
21
Calculate the remainder when 144254 is divided by 313.
274
What is the remainder when 938415 is divided by 992?
975
Calculate the remainder when 45259 is divided by 2030.
599
Calculate the remainder when 55223844 is divided by 187.
126
What is the remainder when 840762 is divided by 840742?
20
Calculate the remainder when 20202231 is divided by 3121.
3119
What is the remainder when 11847684 is divided by 211?
34
Calculate the remainder when 65434245 is divided by 578.
21
What is the remainder when 2106545 is divided by 11029?
6
Calculate the remainder when 40091915 is divided by 3716.
3707
Calculate the remainder when 1851580 is divided by 71214.
16
Calculate the remainder when 391537 is divided by 743.
719
What is the remainder when 32102297 is divided by 4219?
4145
What is the remainder when 30527 is divided by 5265?
4202
Calculate the remainder when 1797476 is divided by 6285.
6251
Calculate the remainder when 89771003 is divided by 162.
161
What is the remainder when 41481205 is divided by 48?
37
Calculate the remainder when 1329578 is divided by 291.
290
Calculate the remainder when 136397891 is divided by 258.
257
What is the remainder when 1636019 is divided by 145?
129
What is the remainder when 202177 is divided by 50543?
5
Calculate the remainder when 82307 is divided by 39605.
3097
Calculate the remainder when 138967 is divided by 137815.
1152
What is the remainder when 708202 is divided by 708121?
81
What is the remainder when 49901 is divided by 15968?
1997
What is the remainder when 162071 is divided by 12174?
3809
Calculate the remainder when 605289 is divided by 1199.
993
What is the remainder when 59135433 is divided by 28?
21
What is the remainder when 5166 is divided by 4157?
1009
Calculate the remainder when 4191 is divided by 927.
483
What is the remainder when 566872 is divided by 42?
40
What is the remainder when 10461522 is divided by 5661?
5655
Calculate the remainder when 8675976 is divided by 12647.
134
Calculate the remainder when 3789198 is divided by 22159.
9
Calculate the remainder when 132630449 is divided by 176.
17
Calculate the remainder when 553175 is divided by 14946.
173
Calculate the remainder when 699959 is divided by 233229.
272
What is the remainder when 96265 is divided by 19230?
115
What is the remainder when 167375 is divided by 4564?
3071
Calculate the remainder when 197382 is divided by 5064.
4950
What is the remainder when 40830961 is divided by 1464?
1
Calculate the remainder when 1250386 is divided by 493.
138
What is the remainder when 307521 is divided by 5893?
1085
What is the remainder when 3574800 is divided by 2369?
2348
Calculate the remainder when 57995464 is divided by 5.
4
Calculate the remainder when 434288266 is divided by 3786.
3778
What is the remainder when 1065474 is divided by 2618?
2566
Calculate the remainder when 24182 is divided by 491.
123
Calculate the remainder when 734379 is divided by 188.
51
Calculate the remainder when 69413 is divided by 482.
5
What is the remainder when 110460 is divided by 625?
460
Calculate the remainder when 705157 is divided by 704819.
338
What is the remainder when 159494666 is divided by 16?
10
What is the remainder when 462503 is divided by 121?
41
Calculate the remainder when 4877239 is divided by 1625746.
1
Calculate the remainder when 143795 is divided by 628.
611
Calculate the remainder when 1762998 is divided by 1720.
1718
Calculate the remainder when 3838465 is divided by 2810.
5
What is the remainder when 126595 is divided by 14058?
73
Calculate the remainder when 369001660 is divided by 43.
41
Calculate the remainder when 323452 is divided by 323443.
9
Calculate the remainder when 937016 is divided by 936997.
19
Calculate the remainder when 4294573 is divided by 613503.
52
Calculate the remainder when 323063031 is divided by 1732.
1731
Calculate the remainder when 17621071 is divided by 261.
178
Calculate the remainder when 94951 is divided by 94820.
131
What is the remainder when 131441 is divided by 16197?
1865
Calculate the remainder when 255619 is divided by 104.
91
What is the remainder when 1305